 a be 16/(-10) - (-12)/(-30). Let i be -2*4*a/4. Let p(k) = i*k - 6*k + 4*k**2 + 3 - 1. What is p(2)?
14
Let k(i) = -i**2 - i + 1. Let c be 3/(-2 - -11)*-3. Let b(w) = 5*w**2 + 6*w - 9. Let r(j) = c*b(j) - 6*k(j). Determine r(0).
3
Let d be (35/15 + -7)*3/(-2). Let p(a) = a**2 - 2*a + 5. Determine p(d).
40
Suppose -4*l - l = 20. Let a(i) = 4*i - 6. Let x(p) = -11*p + 12. Let o(d) = 5*d - 6. Let h(r) = -5*o(r) - 2*x(r). Let g(z) = -6*a(z) - 7*h(z). Give g(l).
6
Let p(l) be the first derivative of -1/4*l**4 + 7/3*l**3 + 2*l + 0*l**2 + 3. What is p(7)?
2
Let r(q) = 3*q**3 + q**2 - 1. Suppose -11 = t - 16. Let m = 4 - t. Calculate r(m).
-3
Let m(i) = -3*i - 11. Let f be m(-5). Suppose 3*y - 12 = -z, -f*y + 3*z + 16 = -z. Let k(u) = -y*u - 2*u + u. Give k(-2).
10
Let z(y) = y**2 - 18*y + 12. Let q(o) = 7*o + 227. Let w be q(-30). What is z(w)?
-5
Let z(k) be the second derivative of 1/60*k**5 + 0*k**2 + 0*k**3 + 0 - 1/4*k**4 - 1/720*k**6 + 4*k. Let c(j) be the third derivative of z(j). Give c(7).
-5
Let z(j) be the third derivative of -j**6/120 - 7*j**5/60 + j**4/8 + 7*j**3/6 - 58*j**2. What is z(-7)?
-14
Suppose -5*x - 15 = 0, -5*x - 149 = 5*c - 2*x. Let y = -25 - c. Let w(v) = 4*v - 3. Calculate w(y).
9
Let z be 2 + 5 + 1 + -1. Suppose 0 = 4*x - 5*n - 4 - 33, 14 = -2*x - 4*n. Let u(f) = 5*f**3 + 20*f + f**3 - x - 8*f**2 - 13*f - 5*f**3. Determine u(z).
-3
Let g(m) be the first derivative of -m**2/2 + m + 62. What is g(-7)?
8
Let q(b) = b - 10. Let t be (0 - 5/(-10))*(10 - 0). Determine q(t).
-5
Let y(l) be the second derivative of 0*l**2 - 11*l + 0 + 1/20*l**5 + 1/2*l**3 - 5/12*l**4. Give y(2).
-6
Suppose i - 24 = -2*p, -3*p - i + 37 = -0*i. Let h(w) = -w**2 + 15*w - 12. Determine h(p).
14
Suppose 0 = 18*x - 3*x - 90. Let w(b) be the first derivative of -5*b + 1 - 3*b**2 + 1/3*b**3. Determine w(x).
-5
Suppose 3*c - 3 + 15 = 0. Let l(t) = t**3 + 6*t**2 - t. Let d(u) = -4*u**3 - 25*u**2 + 5*u + 1. Let g(h) = -2*d(h) - 9*l(h). Give g(c).
2
Let f(d) = -2*d + 4. Let m(b) = -1. Let r(l) = 2*f(l) + 6*m(l). Let g be (-10 - 390/(-40))/((-1)/(-8)). Determine r(g).
10
Suppose -12 = -5*x + 2*x. Let s(w) be the second derivative of -1/20*w**5 + 3*w + 1/4*w**4 + 0 + 1/2*w**3 + 2*w**2. Calculate s(x).
0
Let w(n) = -2*n + 7. Suppose 2*c + 2*m = 13 - 5, 2 = -c - 4*m. What is w(c)?
-5
Let q(x) = -37 + 17 - 8*x + 14 + 12. Let u(l) = l - 1. Let c(o) = q(o) + 3*u(o). Give c(-3).
18
Let k(s) = 3 + 1 - s + 1 + 3*s**2 - 6. Let u = -31 - -30. Calculate k(u).
3
Let u(n) = n**3 - 7*n**2 + 9*n - 5. Let i be u(6). Let h(c) = -c + 14 - 15 + i. Let q(l) = l - 7. Let v be q(7). Calculate h(v).
12
Suppose -5*f = -d - 10, 2*d = -2*f - 2*f + 22. Let y be 9/4 + f/4. Let u = y + -1. Let i(z) = z**3 - 4*z**2 + 4*z - 3. Calculate i(u).
-3
Let y(o) = -43 + 98 + 2*o - 51. What is y(-3)?
-2
Let x = 205 - 196. Let m(k) = k**3 - 8*k**2 - 12*k + 10. What is m(x)?
-17
Let w(h) = h - 6. Let n be w(8). Let z(r) = -6*r + 5*r - r**n + 0*r**2 + 4. Let m be (-1)/(15/(-10))*-3 - 1. Give z(m).
-2
Let n = -11 - -3. Let f(d) = -3*d**2 + 32*d - 18. Let k(y) = -2*y**2 + 21*y - 12. Let h(m) = n*k(m) + 5*f(m). Give h(5).
-9
Let a(s) be the third derivative of -s**6/120 - s**5/12 - s**4/12 - s**3/3 - 2*s**2. Let b = 18 - -1. Let p = b + -24. Calculate a(p).
8
Let w(h) = 7*h**2 - 7*h + 4. Let a(r) = 11*r**2 - 10*r + 6. Let o(l) = 5*a(l) - 8*w(l). Suppose 3 = -v + 5. Suppose -v*g + 15 = 5. What is o(g)?
3
Let l(b) be the first derivative of b**3/3 - 7*b**2 - 12*b + 72. Determine l(14).
-12
Let v = 33 + -19. Let x be (-672)/(-49) - (-4)/v. Suppose d = 3*u - x + 3, 0 = 2*d - 4*u + 16. Let f(n) = n**3 + 3*n**2 + n - 1. Calculate f(d).
1
Let x be -5*-3*3/15. Let v be 212/(-265)*(-5)/2. Let r(q) = -x*q**2 + 2*q - 6*q**2 + 8*q**v - 4. Calculate r(3).
-7
Let v(g) = -12 + 14 - 9*g - 6 - 10 - 22. What is v(-4)?
0
Let c(q) = -q. Let h = -22 - -23. Let a(f) = -f + 2. Let k(j) = h*a(j) - 2*c(j). Give k(2).
4
Let k be 1/(-8) + (-105)/(-8). Let p = k - 9. Let t(x) = -x**3 + 4*x**2 + 1. Calculate t(p).
1
Let z(w) be the first derivative of -3*w**2/2 + 3*w - 1. Suppose 0 = -6*x + 10*x + 336. Let v = -82 - x. What is z(v)?
-3
Let l(u) = -20*u**2 - 6*u**3 + 20*u**2 + u + 5 + 5*u**3. Determine l(0).
5
Let j = 6010 + -6004. Let v(m) = 5*m - 14. Let s(h) = 9*h - 27. Let o(g) = 4*s(g) - 7*v(g). What is o(j)?
-4
Let z(g) = -g**3 + 5*g**2 - 3*g + 2. Suppose 20*k + 8*k - 56 = 0. Determine z(k).
8
Let o(b) = -34*b + 80*b - 23*b - 25*b - 5. Give o(-5).
5
Let u(j) = 2*j + 1. Let a be u(2). Suppose -2 = -2*z - 0*w - 4*w, 0 = -a*w - 5. Let x(i) = 2 + 6*i + 8*i**2 - 1 + 5*i**z - 4*i**3. Determine x(-7).
8
Let o(l) be the third derivative of 0 - 5/24*l**4 + 4*l**2 + 0*l - 1/2*l**3. Give o(-2).
7
Let u(m) = -146*m + 301*m - 153*m - 8. What is u(5)?
2
Let i(y) = 96*y - y**2 - 285*y - 5 + 93*y + 96*y. Determine i(0).
-5
Suppose 4*k = a + 3*a + 36, 5*a + 25 = 3*k. Suppose -3*u - 10 = -l, -5*u = -2*l - 9*u + k. Let m(i) be the first derivative of i**2 - 7*i - 29. Calculate m(l).
7
Let l(n) = -n**2 + 16*n - 7. Let h be (4 - 232/28)/(4/(-14)). Give l(h).
8
Let p(c) = -107*c + 4 - 2 + 46*c + 70*c. Give p(-1).
-7
Let q = -2 + 8. Let l(y) be the second derivative of -y**3/3 - y**2/2 + 12*y + 30. Determine l(q).
-13
Let i = 122 + -118. Let j(y) = 0 - 267*y**3 + i*y - 2*y**2 + 268*y**3 - 3. Give j(3).
18
Let y(v) be the first derivative of v**2/2 + 9*v + 68. Determine y(-4).
5
Let c = -3 + 22. Let g = c + -20. Let s(j) = -10*j**3 - j**2 - 2*j - 1. What is s(g)?
10
Let c(l) be the first derivative of -l**2/2 - 2. Let m be 195/9 + (-4)/6. Suppose 11*x - m + 87 = 0. Determine c(x).
6
Let g(k) = -3624*k + 16 + 1815*k + 1813*k. Give g(-5).
-4
Let g(h) = h**3 + 6*h**2 - 6*h - 1. Let k = 108 + -115. Determine g(k).
-8
Let m be (-8)/(-8)*(2 + -1 - -37). Let x = m - 40. Let l(d) = d**3 + d + 1. Calculate l(x).
-9
Let s(i) = 8*i + 8. Let n(l) = -8*l - 9. Let u(v) = 6*n(v) + 7*s(v). Determine u(-2).
-14
Suppose -61 = -4*c - 1. Let f(x) = -2*x**2 + 13*x - 2. Let m be f(6). Suppose -c + 3 = m*w. Let v(j) = -4*j - 3. Calculate v(w).
9
Let c(n) = n**2 - 8*n + 2. Let r = 43 - 21. Suppose 8 - r = -2*p. What is c(p)?
-5
Let w(v) = -v**3 + 1 - 1386*v + 11*v**2 + 1386*v + 1 + 2. What is w(11)?
4
Let n be (6/4)/((-4)/((-48)/9)). Let q(i) = 2*i**2 - 8 - 5*i**2 + 4*i**n - 9*i. What is q(9)?
-8
Let l(o) = -78 - o + 153 - o**2 - 82 - 8*o. Determine l(-7).
7
Let r(k) = -k**3 + 5*k**2 + 7*k - 3. Suppose -22*g = 10*g - 192. Calculate r(g).
3
Let y(g) be the first derivative of -g**7/120 + g**6/360 - g**5/60 + g**4/24 + 8*g**3/3 - 19. Let j(i) be the third derivative of y(i). Give j(1).
-7
Let r = 0 + -4. Let o(l) = -2*l - 5. Let k be o(r). Let w(i) be the second derivative of i**5/20 - i**4/3 + i**3/6 - i**2 + i. What is w(k)?
-8
Let y be -4 - 168/(3 - -1). Let a = y + 48. Let d(f) = 3*f**2 + f + 1. What is d(a)?
15
Let k(w) = 4*w**2. Let o(x) = 3*x**2 - 1. Let f = -19 + 22. Let g(b) = f*o(b) - 2*k(b). Let v be 3*(-2 + 0 - -1). What is g(v)?
6
Let j(r) = -2*r**2 - r + 0 - 2*r - 1. Let s(q) = 8*q**2 - 102*q + 69. Let i be s(12). Determine j(i).
-10
Let y(u) be the second derivative of -3*u**2 - 1/12*u**4 - 3*u + 0 - 7/6*u**3. Let z be y(-6). Let r(b) = -b + 8. What is r(z)?
8
Let l(q) = 2*q - 12. Let x be l(7). Let o(k) = -x*k + k - k - 2 + 3*k. What is o(-3)?
-5
Suppose 0 = -2908*o + 2917*o - 72. Let d(n) = n**3 - 6*n**2 - 10*n + 10. Give d(o).
58
Let n(a) be the third derivative of -a**4/24 - 3*a**3/2 + 84*a**2. Calculate n(-8).
-1
Let r = 68 - 66. Let n(f) be the first derivative of f + 10 - 1/2*f**r. Give n(-6).
7
Let t(d) = d**3 - 4*d**2 - 4*d - 4. Suppose 0 = -5*j - 6 + 21. Suppose 20 = -2*s + 2*q, j*q - 44 = 5*s + q. Let a be (-6)/s - 34/(-8). Calculate t(a).
1
Let o(v) be the third derivative of -v**4/12 + v**2. Suppose -4*l + 12 = -3*u, 0 = 4*l + 4*u + 25 - 9. Suppose l = -2*x + 7*x - 25. Give o(x).
-10
Suppose 4*f + 4*x - 6*x = 30, 5*f + 2*x - 24 = 0. Let g = 0 - f. Let n(o) = o**3 + 6*o**2 - o. Determine n(g).
6
Let o(k) be the first derivative of -k**6/360 - k**5/20 - k**4/8 - 22*k**3/3 + 8. Let d(p) be the third derivative of o(p). Determine d(-5).
2
Let w(f) = -f**2 - 32*f. Let r be w(-32). Let q(c) = c**2 + c - 4. Calculate q(r).
-4
Let z(s) = s**3 + 13*s**2 +